{"version":"1.0","provider_name":"Montalegre","provider_url":"https:\/\/www.montalegre.org\/es\/","author_name":"montalegre","author_url":"https:\/\/www.montalegre.org\/es\/author\/montalegre\/","title":"Entre los enfermos de Madrid - Montalegre","type":"rich","width":600,"height":338,"html":"<blockquote class=\"wp-embedded-content\" data-secret=\"rw0dGJk4j1\"><a href=\"https:\/\/www.montalegre.org\/es\/2026\/09\/entre-los-enfermos-de-madrid\/\">Entre los enfermos de Madrid<\/a><\/blockquote><iframe sandbox=\"allow-scripts\" security=\"restricted\" src=\"https:\/\/www.montalegre.org\/es\/2026\/09\/entre-los-enfermos-de-madrid\/embed\/#?secret=rw0dGJk4j1\" width=\"600\" height=\"338\" title=\"\u00abEntre los enfermos de Madrid\u00bb \u2014 Montalegre\" data-secret=\"rw0dGJk4j1\" frameborder=\"0\" marginwidth=\"0\" marginheight=\"0\" scrolling=\"no\" class=\"wp-embedded-content\"><\/iframe><script>\n\/*! This file is auto-generated *\/\n!function(d,l){\"use strict\";l.querySelector&&d.addEventListener&&\"undefined\"!=typeof URL&&(d.wp=d.wp||{},d.wp.receiveEmbedMessage||(d.wp.receiveEmbedMessage=function(e){var t=e.data;if((t||t.secret||t.message||t.value)&&!\/[^a-zA-Z0-9]\/.test(t.secret)){for(var s,r,n,a=l.querySelectorAll('iframe[data-secret=\"'+t.secret+'\"]'),o=l.querySelectorAll('blockquote[data-secret=\"'+t.secret+'\"]'),c=new RegExp(\"^https?:$\",\"i\"),i=0;i<o.length;i++)o[i].style.display=\"none\";for(i=0;i<a.length;i++)s=a[i],e.source===s.contentWindow&&(s.removeAttribute(\"style\"),\"height\"===t.message?(1e3<(r=parseInt(t.value,10))?r=1e3:~~r<200&&(r=200),s.height=r):\"link\"===t.message&&(r=new URL(s.getAttribute(\"src\")),n=new URL(t.value),c.test(n.protocol))&&n.host===r.host&&l.activeElement===s&&(d.top.location.href=t.value))}},d.addEventListener(\"message\",d.wp.receiveEmbedMessage,!1),l.addEventListener(\"DOMContentLoaded\",function(){for(var e,t,s=l.querySelectorAll(\"iframe.wp-embedded-content\"),r=0;r<s.length;r++)(t=(e=s[r]).getAttribute(\"data-secret\"))||(t=Math.random().toString(36).substring(2,12),e.src+=\"#?secret=\"+t,e.setAttribute(\"data-secret\",t)),e.contentWindow.postMessage({message:\"ready\",secret:t},\"*\")},!1)))}(window,document);\n\/\/# sourceURL=https:\/\/www.montalegre.org\/wp-includes\/js\/wp-embed.min.js\n<\/script>\n","description":"Como vimos el mes pasado, san Josemar\u00eda se traslad\u00f3 a Madrid para seguir con los estudios civiles de Derecho y realizar el doctorado. All\u00ed, fue nombrado capell\u00e1n de la iglesia del Patronato de Enfermos, sede central de la Damas Apost\u00f3licas del Sagrado Coraz\u00f3n de Jes\u00fas, una congregaci\u00f3n religiosa que se dedica a obras sociales. De [&hellip;]"}

Como vimos el mes pasado, san Josemaría se trasladó a Madrid para seguir con los estudios civiles de Derecho y realizar el doctorado. Allí, fue nombrado capellán de la iglesia del Patronato de Enfermos, sede central de la Damas Apostólicas del Sagrado Corazón de Jesús, una congregación religiosa que se dedica a obras sociales. De [&hellip;]
