{"version":"1.0","provider_name":"Montalegre","provider_url":"https:\/\/www.montalegre.org\/es\/","author_name":"montalegre","author_url":"https:\/\/www.montalegre.org\/es\/author\/montalegre\/","title":"La rehabilitaci\u00f3n de Montalegre a punto de acabar - Montalegre","type":"rich","width":600,"height":338,"html":"<blockquote class=\"wp-embedded-content\" data-secret=\"kRgzVIDTtK\"><a href=\"https:\/\/www.montalegre.org\/es\/2022\/04\/la-rehabilitacion-de-montalegre-a-punto-de-acabar\/\">La rehabilitaci\u00f3n de Montalegre a punto de acabar<\/a><\/blockquote><iframe sandbox=\"allow-scripts\" security=\"restricted\" src=\"https:\/\/www.montalegre.org\/es\/2022\/04\/la-rehabilitacion-de-montalegre-a-punto-de-acabar\/embed\/#?secret=kRgzVIDTtK\" width=\"600\" height=\"338\" title=\"\u00abLa rehabilitaci\u00f3n de Montalegre a punto de acabar\u00bb \u2014 Montalegre\" data-secret=\"kRgzVIDTtK\" frameborder=\"0\" marginwidth=\"0\" marginheight=\"0\" scrolling=\"no\" class=\"wp-embedded-content\"><\/iframe><script type=\"text\/javascript\">\n\/* <![CDATA[ *\/\n\/*! This file is auto-generated *\/\n!function(d,l){\"use strict\";l.querySelector&&d.addEventListener&&\"undefined\"!=typeof URL&&(d.wp=d.wp||{},d.wp.receiveEmbedMessage||(d.wp.receiveEmbedMessage=function(e){var t=e.data;if((t||t.secret||t.message||t.value)&&!\/[^a-zA-Z0-9]\/.test(t.secret)){for(var s,r,n,a=l.querySelectorAll('iframe[data-secret=\"'+t.secret+'\"]'),o=l.querySelectorAll('blockquote[data-secret=\"'+t.secret+'\"]'),c=new RegExp(\"^https?:$\",\"i\"),i=0;i<o.length;i++)o[i].style.display=\"none\";for(i=0;i<a.length;i++)s=a[i],e.source===s.contentWindow&&(s.removeAttribute(\"style\"),\"height\"===t.message?(1e3<(r=parseInt(t.value,10))?r=1e3:~~r<200&&(r=200),s.height=r):\"link\"===t.message&&(r=new URL(s.getAttribute(\"src\")),n=new URL(t.value),c.test(n.protocol))&&n.host===r.host&&l.activeElement===s&&(d.top.location.href=t.value))}},d.addEventListener(\"message\",d.wp.receiveEmbedMessage,!1),l.addEventListener(\"DOMContentLoaded\",function(){for(var e,t,s=l.querySelectorAll(\"iframe.wp-embedded-content\"),r=0;r<s.length;r++)(t=(e=s[r]).getAttribute(\"data-secret\"))||(t=Math.random().toString(36).substring(2,12),e.src+=\"#?secret=\"+t,e.setAttribute(\"data-secret\",t)),e.contentWindow.postMessage({message:\"ready\",secret:t},\"*\")},!1)))}(window,document);\n\/\/# sourceURL=https:\/\/www.montalegre.org\/wp-includes\/js\/wp-embed.min.js\n\/* ]]> *\/\n<\/script>\n","thumbnail_url":"https:\/\/www.montalegre.org\/wp-content\/uploads\/2022\/04\/detall-flors-i-canelobres.jpg","thumbnail_width":768,"thumbnail_height":1024,"description":"Ayer, 25 de abril de 2022, se cumpli\u00f3 un mes de la Consagraci\u00f3n de Ucrania y Rusia al Coraz\u00f3n Inmaculado de Mar\u00eda, celebraci\u00f3n que tambi\u00e9n se realiz\u00f3 en Montalegre ante el Sant\u00edsimo Sacramento, despu\u00e9s del rezo del santo rosario de todos los fieles congregados en la Capilla, seguido de la santa misa y el V\u00eda [&hellip;]"}

La rehabilitación de Montalegre a punto de acabar - Montalegre

<blockquote class="wp-embedded-content" data-secret="kRgzVIDTtK"><a href="https://www.montalegre.org/es/2022/04/la-rehabilitacion-de-montalegre-a-punto-de-acabar/">La rehabilitación de Montalegre a punto de acabar</a></blockquote><iframe sandbox="allow-scripts" security="restricted" src="https://www.montalegre.org/es/2022/04/la-rehabilitacion-de-montalegre-a-punto-de-acabar/embed/#?secret=kRgzVIDTtK" width="600" height="338" title="«La rehabilitación de Montalegre a punto de acabar» — Montalegre" data-secret="kRgzVIDTtK" frameborder="0" marginwidth="0" marginheight="0" scrolling="no" class="wp-embedded-content"></iframe><script type="text/javascript">
/* <![CDATA[ */
/*! This file is auto-generated */
!function(d,l){"use strict";l.querySelector&&d.addEventListener&&"undefined"!=typeof URL&&(d.wp=d.wp||{},d.wp.receiveEmbedMessage||(d.wp.receiveEmbedMessage=function(e){var t=e.data;if((t||t.secret||t.message||t.value)&&!/[^a-zA-Z0-9]/.test(t.secret)){for(var s,r,n,a=l.querySelectorAll('iframe[data-secret="'+t.secret+'"]'),o=l.querySelectorAll('blockquote[data-secret="'+t.secret+'"]'),c=new RegExp("^https?:$","i"),i=0;i<o.length;i++)o[i].style.display="none";for(i=0;i<a.length;i++)s=a[i],e.source===s.contentWindow&&(s.removeAttribute("style"),"height"===t.message?(1e3<(r=parseInt(t.value,10))?r=1e3:~~r<200&&(r=200),s.height=r):"link"===t.message&&(r=new URL(s.getAttribute("src")),n=new URL(t.value),c.test(n.protocol))&&n.host===r.host&&l.activeElement===s&&(d.top.location.href=t.value))}},d.addEventListener("message",d.wp.receiveEmbedMessage,!1),l.addEventListener("DOMContentLoaded",function(){for(var e,t,s=l.querySelectorAll("iframe.wp-embedded-content"),r=0;r<s.length;r++)(t=(e=s[r]).getAttribute("data-secret"))||(t=Math.random().toString(36).substring(2,12),e.src+="#?secret="+t,e.setAttribute("data-secret",t)),e.contentWindow.postMessage({message:"ready",secret:t},"*")},!1)))}(window,document);
//# sourceURL=https://www.montalegre.org/wp-includes/js/wp-embed.min.js
/* ]]> */
</script>

Ayer, 25 de abril de 2022, se cumplió un mes de la Consagración de Ucrania y Rusia al Corazón Inmaculado de María, celebración que también se realizó en Montalegre ante el Santísimo Sacramento, después del rezo del santo rosario de todos los fieles congregados en la Capilla, seguido de la santa misa y el Vía [&hellip;]
