{"version":"1.0","provider_name":"Montalegre","provider_url":"https:\/\/www.montalegre.org\/es\/","author_name":"montalegre","author_url":"https:\/\/www.montalegre.org\/es\/author\/montalegre\/","title":"Primera Jornada Familiar de Cooperadores del Opus Dei - Montalegre","type":"rich","width":600,"height":338,"html":"<blockquote class=\"wp-embedded-content\" data-secret=\"Eas0yzTBl8\"><a href=\"https:\/\/www.montalegre.org\/es\/2018\/02\/primera-jornada-familiar-de-cooperadores-del-opus-dei\/\">Primera Jornada Familiar de Cooperadores del Opus Dei<\/a><\/blockquote><iframe sandbox=\"allow-scripts\" security=\"restricted\" src=\"https:\/\/www.montalegre.org\/es\/2018\/02\/primera-jornada-familiar-de-cooperadores-del-opus-dei\/embed\/#?secret=Eas0yzTBl8\" width=\"600\" height=\"338\" title=\"\u00abPrimera Jornada Familiar de Cooperadores del Opus Dei\u00bb \u2014 Montalegre\" data-secret=\"Eas0yzTBl8\" frameborder=\"0\" marginwidth=\"0\" marginheight=\"0\" scrolling=\"no\" class=\"wp-embedded-content\"><\/iframe><script type=\"text\/javascript\">\n\/* <![CDATA[ *\/\n\/*! This file is auto-generated *\/\n!function(d,l){\"use strict\";l.querySelector&&d.addEventListener&&\"undefined\"!=typeof URL&&(d.wp=d.wp||{},d.wp.receiveEmbedMessage||(d.wp.receiveEmbedMessage=function(e){var t=e.data;if((t||t.secret||t.message||t.value)&&!\/[^a-zA-Z0-9]\/.test(t.secret)){for(var s,r,n,a=l.querySelectorAll('iframe[data-secret=\"'+t.secret+'\"]'),o=l.querySelectorAll('blockquote[data-secret=\"'+t.secret+'\"]'),c=new RegExp(\"^https?:$\",\"i\"),i=0;i<o.length;i++)o[i].style.display=\"none\";for(i=0;i<a.length;i++)s=a[i],e.source===s.contentWindow&&(s.removeAttribute(\"style\"),\"height\"===t.message?(1e3<(r=parseInt(t.value,10))?r=1e3:~~r<200&&(r=200),s.height=r):\"link\"===t.message&&(r=new URL(s.getAttribute(\"src\")),n=new URL(t.value),c.test(n.protocol))&&n.host===r.host&&l.activeElement===s&&(d.top.location.href=t.value))}},d.addEventListener(\"message\",d.wp.receiveEmbedMessage,!1),l.addEventListener(\"DOMContentLoaded\",function(){for(var e,t,s=l.querySelectorAll(\"iframe.wp-embedded-content\"),r=0;r<s.length;r++)(t=(e=s[r]).getAttribute(\"data-secret\"))||(t=Math.random().toString(36).substring(2,12),e.src+=\"#?secret=\"+t,e.setAttribute(\"data-secret\",t)),e.contentWindow.postMessage({message:\"ready\",secret:t},\"*\")},!1)))}(window,document);\n\/\/# sourceURL=https:\/\/www.montalegre.org\/wp-includes\/js\/wp-embed.min.js\n\/* ]]> *\/\n<\/script>\n","thumbnail_url":"https:\/\/www.montalegre.org\/wp-content\/uploads\/2018\/02\/images.png","thumbnail_width":265,"thumbnail_height":88,"description":"El s\u00e1bado 10 de febrero 2018 se celebr\u00f3 en el IESE de Barcelona la primera Jornada Familiar de Cooperadores del Opus Dei. El acto tuvo tres partes significativas. La primera, en la capilla del IESE se celebr\u00f3 el acto eucar\u00edstico de la Adoraci\u00f3n y Bendici\u00f3n del Sant\u00edsimo Sacramento, con el canto del Te Deum a [&hellip;]"}

El sábado 10 de febrero 2018 se celebró en el IESE de Barcelona la primera Jornada Familiar de Cooperadores del Opus Dei. El acto tuvo tres partes significativas. La primera, en la capilla del IESE se celebró el acto eucarístico de la Adoración y Bendición del Santísimo Sacramento, con el canto del Te Deum a [&hellip;]
