{"version":"1.0","provider_name":"Montalegre","provider_url":"https:\/\/www.montalegre.org\/es\/","author_name":"montalegre","author_url":"https:\/\/www.montalegre.org\/es\/author\/montalegre\/","title":"\u00a1Tenemos Papa! - Montalegre","type":"rich","width":600,"height":338,"html":"<blockquote class=\"wp-embedded-content\" data-secret=\"kkyKxK5lBx\"><a href=\"https:\/\/www.montalegre.org\/es\/2013\/04\/%c2%a1tenemos-papa\/\">\u00a1Tenemos Papa!<\/a><\/blockquote><iframe sandbox=\"allow-scripts\" security=\"restricted\" src=\"https:\/\/www.montalegre.org\/es\/2013\/04\/%c2%a1tenemos-papa\/embed\/#?secret=kkyKxK5lBx\" width=\"600\" height=\"338\" title=\"\u00ab\u00a1Tenemos Papa!\u00bb \u2014 Montalegre\" data-secret=\"kkyKxK5lBx\" frameborder=\"0\" marginwidth=\"0\" marginheight=\"0\" scrolling=\"no\" class=\"wp-embedded-content\"><\/iframe><script type=\"text\/javascript\">\n\/* <![CDATA[ *\/\n\/*! This file is auto-generated *\/\n!function(d,l){\"use strict\";l.querySelector&&d.addEventListener&&\"undefined\"!=typeof URL&&(d.wp=d.wp||{},d.wp.receiveEmbedMessage||(d.wp.receiveEmbedMessage=function(e){var t=e.data;if((t||t.secret||t.message||t.value)&&!\/[^a-zA-Z0-9]\/.test(t.secret)){for(var s,r,n,a=l.querySelectorAll('iframe[data-secret=\"'+t.secret+'\"]'),o=l.querySelectorAll('blockquote[data-secret=\"'+t.secret+'\"]'),c=new RegExp(\"^https?:$\",\"i\"),i=0;i<o.length;i++)o[i].style.display=\"none\";for(i=0;i<a.length;i++)s=a[i],e.source===s.contentWindow&&(s.removeAttribute(\"style\"),\"height\"===t.message?(1e3<(r=parseInt(t.value,10))?r=1e3:~~r<200&&(r=200),s.height=r):\"link\"===t.message&&(r=new URL(s.getAttribute(\"src\")),n=new URL(t.value),c.test(n.protocol))&&n.host===r.host&&l.activeElement===s&&(d.top.location.href=t.value))}},d.addEventListener(\"message\",d.wp.receiveEmbedMessage,!1),l.addEventListener(\"DOMContentLoaded\",function(){for(var e,t,s=l.querySelectorAll(\"iframe.wp-embedded-content\"),r=0;r<s.length;r++)(t=(e=s[r]).getAttribute(\"data-secret\"))||(t=Math.random().toString(36).substring(2,12),e.src+=\"#?secret=\"+t,e.setAttribute(\"data-secret\",t)),e.contentWindow.postMessage({message:\"ready\",secret:t},\"*\")},!1)))}(window,document);\n\/\/# sourceURL=https:\/\/www.montalegre.org\/wp-includes\/js\/wp-embed.min.js\n\/* ]]> *\/\n<\/script>\n","description":"Despu\u00e9s de unas semanas en ese estado \u201cinc\u00f3modo\u201d de Sede Vacante de la que habl\u00e1bamos el mes pasado, tenemos la enorme alegr\u00eda de tener un nuevo Romano Pont\u00edfice. Es l\u00f3gico que la Iglesia Cat\u00f3lica est\u00e9 exultante: ya hay en la Sede Romana un nuevo sucesor de Pedro, el Papa Francisco, que por serlo es cabeza [&hellip;]","thumbnail_url":"http:\/\/www.montalegre.org\/wp-content\/uploads\/2013\/04\/El-papa-Francisco-durante-la-m_54371846747_51351706917_600_226-300x113.jpg"}

Después de unas semanas en ese estado “incómodo” de Sede Vacante de la que hablábamos el mes pasado, tenemos la enorme alegría de tener un nuevo Romano Pontífice. Es lógico que la Iglesia Católica esté exultante: ya hay en la Sede Romana un nuevo sucesor de Pedro, el Papa Francisco, que por serlo es cabeza [&hellip;]
