{"version":"1.0","provider_name":"Montalegre","provider_url":"https:\/\/www.montalegre.org\/es\/","author_name":"montalegre","author_url":"https:\/\/www.montalegre.org\/es\/author\/montalegre\/","title":"EL PAPA Y LOS REYES MAGOS - Montalegre","type":"rich","width":600,"height":338,"html":"<blockquote class=\"wp-embedded-content\" data-secret=\"5Ulv88Rtdv\"><a href=\"https:\/\/www.montalegre.org\/es\/2013\/01\/el-sant-pare-i-els-reis-mags-2\/\">EL PAPA Y LOS REYES MAGOS<\/a><\/blockquote><iframe sandbox=\"allow-scripts\" security=\"restricted\" src=\"https:\/\/www.montalegre.org\/es\/2013\/01\/el-sant-pare-i-els-reis-mags-2\/embed\/#?secret=5Ulv88Rtdv\" width=\"600\" height=\"338\" title=\"\u00abEL PAPA Y LOS REYES MAGOS\u00bb \u2014 Montalegre\" data-secret=\"5Ulv88Rtdv\" frameborder=\"0\" marginwidth=\"0\" marginheight=\"0\" scrolling=\"no\" class=\"wp-embedded-content\"><\/iframe><script type=\"text\/javascript\">\n\/* <![CDATA[ *\/\n\/*! This file is auto-generated *\/\n!function(d,l){\"use strict\";l.querySelector&&d.addEventListener&&\"undefined\"!=typeof URL&&(d.wp=d.wp||{},d.wp.receiveEmbedMessage||(d.wp.receiveEmbedMessage=function(e){var t=e.data;if((t||t.secret||t.message||t.value)&&!\/[^a-zA-Z0-9]\/.test(t.secret)){for(var s,r,n,a=l.querySelectorAll('iframe[data-secret=\"'+t.secret+'\"]'),o=l.querySelectorAll('blockquote[data-secret=\"'+t.secret+'\"]'),c=new RegExp(\"^https?:$\",\"i\"),i=0;i<o.length;i++)o[i].style.display=\"none\";for(i=0;i<a.length;i++)s=a[i],e.source===s.contentWindow&&(s.removeAttribute(\"style\"),\"height\"===t.message?(1e3<(r=parseInt(t.value,10))?r=1e3:~~r<200&&(r=200),s.height=r):\"link\"===t.message&&(r=new URL(s.getAttribute(\"src\")),n=new URL(t.value),c.test(n.protocol))&&n.host===r.host&&l.activeElement===s&&(d.top.location.href=t.value))}},d.addEventListener(\"message\",d.wp.receiveEmbedMessage,!1),l.addEventListener(\"DOMContentLoaded\",function(){for(var e,t,s=l.querySelectorAll(\"iframe.wp-embedded-content\"),r=0;r<s.length;r++)(t=(e=s[r]).getAttribute(\"data-secret\"))||(t=Math.random().toString(36).substring(2,12),e.src+=\"#?secret=\"+t,e.setAttribute(\"data-secret\",t)),e.contentWindow.postMessage({message:\"ready\",secret:t},\"*\")},!1)))}(window,document);\n\/\/# sourceURL=https:\/\/www.montalegre.org\/wp-includes\/js\/wp-embed.min.js\n\/* ]]> *\/\n<\/script>\n","description":"Hace poco tiempo algunos peri\u00f3dicos recog\u00edan la noticia con grandes titulares: el Papa hab\u00eda escrito en su libro sobre la infancia del Se\u00f1or que los Reyes Magos eran de Andaluc\u00eda. La noticia no dejaba de sorprender y, l\u00f3gicamente ven\u00edan ganas de leer lo que en realidad hab\u00eda escrito el Papa, para poder tener una idea [&hellip;]","thumbnail_url":"http:\/\/www.montalegre.org\/wp-content\/uploads\/2013\/01\/14820286-bruselas-22-de-junio-tres-reyes-magos-de-cristal-en-la-catedral-gotica-de-san-miguel-s-el-22-de-jun1-300x234.jpg"}

Hace poco tiempo algunos periódicos recogían la noticia con grandes titulares: el Papa había escrito en su libro sobre la infancia del Señor que los Reyes Magos eran de Andalucía. La noticia no dejaba de sorprender y, lógicamente venían ganas de leer lo que en realidad había escrito el Papa, para poder tener una idea [&hellip;]
