{"version":"1.0","provider_name":"Montalegre","provider_url":"https:\/\/www.montalegre.org\/es\/","author_name":"montalegre","author_url":"https:\/\/www.montalegre.org\/es\/author\/montalegre\/","title":"La libertad religiosa - Montalegre","type":"rich","width":600,"height":338,"html":"<blockquote class=\"wp-embedded-content\" data-secret=\"zGcfZnLj9P\"><a href=\"https:\/\/www.montalegre.org\/es\/2012\/12\/la-libertad-religiosa\/\">La libertad religiosa<\/a><\/blockquote><iframe sandbox=\"allow-scripts\" security=\"restricted\" src=\"https:\/\/www.montalegre.org\/es\/2012\/12\/la-libertad-religiosa\/embed\/#?secret=zGcfZnLj9P\" width=\"600\" height=\"338\" title=\"\u00abLa libertad religiosa\u00bb \u2014 Montalegre\" data-secret=\"zGcfZnLj9P\" frameborder=\"0\" marginwidth=\"0\" marginheight=\"0\" scrolling=\"no\" class=\"wp-embedded-content\"><\/iframe><script type=\"text\/javascript\">\n\/* <![CDATA[ *\/\n\/*! This file is auto-generated *\/\n!function(d,l){\"use strict\";l.querySelector&&d.addEventListener&&\"undefined\"!=typeof URL&&(d.wp=d.wp||{},d.wp.receiveEmbedMessage||(d.wp.receiveEmbedMessage=function(e){var t=e.data;if((t||t.secret||t.message||t.value)&&!\/[^a-zA-Z0-9]\/.test(t.secret)){for(var s,r,n,a=l.querySelectorAll('iframe[data-secret=\"'+t.secret+'\"]'),o=l.querySelectorAll('blockquote[data-secret=\"'+t.secret+'\"]'),c=new RegExp(\"^https?:$\",\"i\"),i=0;i<o.length;i++)o[i].style.display=\"none\";for(i=0;i<a.length;i++)s=a[i],e.source===s.contentWindow&&(s.removeAttribute(\"style\"),\"height\"===t.message?(1e3<(r=parseInt(t.value,10))?r=1e3:~~r<200&&(r=200),s.height=r):\"link\"===t.message&&(r=new URL(s.getAttribute(\"src\")),n=new URL(t.value),c.test(n.protocol))&&n.host===r.host&&l.activeElement===s&&(d.top.location.href=t.value))}},d.addEventListener(\"message\",d.wp.receiveEmbedMessage,!1),l.addEventListener(\"DOMContentLoaded\",function(){for(var e,t,s=l.querySelectorAll(\"iframe.wp-embedded-content\"),r=0;r<s.length;r++)(t=(e=s[r]).getAttribute(\"data-secret\"))||(t=Math.random().toString(36).substring(2,12),e.src+=\"#?secret=\"+t,e.setAttribute(\"data-secret\",t)),e.contentWindow.postMessage({message:\"ready\",secret:t},\"*\")},!1)))}(window,document);\n\/\/# sourceURL=https:\/\/www.montalegre.org\/wp-includes\/js\/wp-embed.min.js\n\/* ]]> *\/\n<\/script>\n","description":"Por Dom\u00e8nec Mel\u00e9 Publicado el 14 de diciembre de 2012 en la revista \u201cTEMES D\u2019AVUI\u201d El d\u00eda 11 de octubre de 2012, coincidiendo con la solemne inauguraci\u00f3n del A\u00f1o de la Fe, el Papa Benedicto XVI publicaba algunos recuerdos suyos en el\u00a0L&#8217;Osservatore Romano. Entre otros, destacaba la importancia de un documento conciliar, El Decreto\u00a0Digniatis humanae\u00a0sobre [&hellip;]","thumbnail_url":"http:\/\/www.montalegre.org\/wp-content\/uploads\/2012\/12\/0_1_Temes43_portada_peq-210x300.jpg"}

Por Domènec Melé Publicado el 14 de diciembre de 2012 en la revista “TEMES D’AVUI” El día 11 de octubre de 2012, coincidiendo con la solemne inauguración del Año de la Fe, el Papa Benedicto XVI publicaba algunos recuerdos suyos en el L&#8217;Osservatore Romano. Entre otros, destacaba la importancia de un documento conciliar, El Decreto Digniatis humanae sobre [&hellip;]
