{"version":"1.0","provider_name":"Montalegre","provider_url":"https:\/\/www.montalegre.org\/es\/","author_name":"montalegre","author_url":"https:\/\/www.montalegre.org\/es\/author\/montalegre\/","title":"Noviembre, oramos por los difuntos - Montalegre","type":"rich","width":600,"height":338,"html":"<blockquote class=\"wp-embedded-content\" data-secret=\"5AT0mAhDRl\"><a href=\"https:\/\/www.montalegre.org\/es\/2011\/11\/noviembre-oramos-por-los-difuntos\/\">Noviembre, oramos por los difuntos<\/a><\/blockquote><iframe sandbox=\"allow-scripts\" security=\"restricted\" src=\"https:\/\/www.montalegre.org\/es\/2011\/11\/noviembre-oramos-por-los-difuntos\/embed\/#?secret=5AT0mAhDRl\" width=\"600\" height=\"338\" title=\"\u00abNoviembre, oramos por los difuntos\u00bb \u2014 Montalegre\" data-secret=\"5AT0mAhDRl\" frameborder=\"0\" marginwidth=\"0\" marginheight=\"0\" scrolling=\"no\" class=\"wp-embedded-content\"><\/iframe><script type=\"text\/javascript\">\n\/* <![CDATA[ *\/\n\/*! This file is auto-generated *\/\n!function(d,l){\"use strict\";l.querySelector&&d.addEventListener&&\"undefined\"!=typeof URL&&(d.wp=d.wp||{},d.wp.receiveEmbedMessage||(d.wp.receiveEmbedMessage=function(e){var t=e.data;if((t||t.secret||t.message||t.value)&&!\/[^a-zA-Z0-9]\/.test(t.secret)){for(var s,r,n,a=l.querySelectorAll('iframe[data-secret=\"'+t.secret+'\"]'),o=l.querySelectorAll('blockquote[data-secret=\"'+t.secret+'\"]'),c=new RegExp(\"^https?:$\",\"i\"),i=0;i<o.length;i++)o[i].style.display=\"none\";for(i=0;i<a.length;i++)s=a[i],e.source===s.contentWindow&&(s.removeAttribute(\"style\"),\"height\"===t.message?(1e3<(r=parseInt(t.value,10))?r=1e3:~~r<200&&(r=200),s.height=r):\"link\"===t.message&&(r=new URL(s.getAttribute(\"src\")),n=new URL(t.value),c.test(n.protocol))&&n.host===r.host&&l.activeElement===s&&(d.top.location.href=t.value))}},d.addEventListener(\"message\",d.wp.receiveEmbedMessage,!1),l.addEventListener(\"DOMContentLoaded\",function(){for(var e,t,s=l.querySelectorAll(\"iframe.wp-embedded-content\"),r=0;r<s.length;r++)(t=(e=s[r]).getAttribute(\"data-secret\"))||(t=Math.random().toString(36).substring(2,12),e.src+=\"#?secret=\"+t,e.setAttribute(\"data-secret\",t)),e.contentWindow.postMessage({message:\"ready\",secret:t},\"*\")},!1)))}(window,document);\n\/\/# sourceURL=https:\/\/www.montalegre.org\/wp-includes\/js\/wp-embed.min.js\n\/* ]]> *\/\n<\/script>\n","description":"Noviembre especialmente en los pa\u00edses mediterraneos, es un mes en el que la naturaleza parece que languidece, que se apaga, los d\u00edas se hacen mas cortos, el fr\u00edo va invadi\u00e9ndolo todo, las plantas detienen su crecimiento y muchas pierden las hojas, algunos \u00e1rboles parecen esqueletos&#8230;Quiz\u00e1 por todo esto, noviembre es el mes en el que [&hellip;]","thumbnail_url":"http:\/\/www.montalegre.org\/wp-content\/uploads\/2011\/11\/Cementiri.jpg"}

Noviembre especialmente en los países mediterraneos, es un mes en el que la naturaleza parece que languidece, que se apaga, los días se hacen mas cortos, el frío va invadiéndolo todo, las plantas detienen su crecimiento y muchas pierden las hojas, algunos árboles parecen esqueletos&#8230;Quizá por todo esto, noviembre es el mes en el que [&hellip;]
