{"version":"1.0","provider_name":"Montalegre","provider_url":"https:\/\/www.montalegre.org\/es\/","author_name":"montalegre","author_url":"https:\/\/www.montalegre.org\/es\/author\/montalegre\/","title":"Una fecha para recordar: 11\/XI\/2011 - Montalegre","type":"rich","width":600,"height":338,"html":"<blockquote class=\"wp-embedded-content\" data-secret=\"nWKrG0W1Lj\"><a href=\"https:\/\/www.montalegre.org\/es\/2011\/10\/una-fecha-para-recordar-11xi2011\/\">Una fecha para recordar: 11\/XI\/2011<\/a><\/blockquote><iframe sandbox=\"allow-scripts\" security=\"restricted\" src=\"https:\/\/www.montalegre.org\/es\/2011\/10\/una-fecha-para-recordar-11xi2011\/embed\/#?secret=nWKrG0W1Lj\" width=\"600\" height=\"338\" title=\"\u00abUna fecha para recordar: 11\/XI\/2011\u00bb \u2014 Montalegre\" data-secret=\"nWKrG0W1Lj\" frameborder=\"0\" marginwidth=\"0\" marginheight=\"0\" scrolling=\"no\" class=\"wp-embedded-content\"><\/iframe><script type=\"text\/javascript\">\n\/* <![CDATA[ *\/\n\/*! This file is auto-generated *\/\n!function(d,l){\"use strict\";l.querySelector&&d.addEventListener&&\"undefined\"!=typeof URL&&(d.wp=d.wp||{},d.wp.receiveEmbedMessage||(d.wp.receiveEmbedMessage=function(e){var t=e.data;if((t||t.secret||t.message||t.value)&&!\/[^a-zA-Z0-9]\/.test(t.secret)){for(var s,r,n,a=l.querySelectorAll('iframe[data-secret=\"'+t.secret+'\"]'),o=l.querySelectorAll('blockquote[data-secret=\"'+t.secret+'\"]'),c=new RegExp(\"^https?:$\",\"i\"),i=0;i<o.length;i++)o[i].style.display=\"none\";for(i=0;i<a.length;i++)s=a[i],e.source===s.contentWindow&&(s.removeAttribute(\"style\"),\"height\"===t.message?(1e3<(r=parseInt(t.value,10))?r=1e3:~~r<200&&(r=200),s.height=r):\"link\"===t.message&&(r=new URL(s.getAttribute(\"src\")),n=new URL(t.value),c.test(n.protocol))&&n.host===r.host&&l.activeElement===s&&(d.top.location.href=t.value))}},d.addEventListener(\"message\",d.wp.receiveEmbedMessage,!1),l.addEventListener(\"DOMContentLoaded\",function(){for(var e,t,s=l.querySelectorAll(\"iframe.wp-embedded-content\"),r=0;r<s.length;r++)(t=(e=s[r]).getAttribute(\"data-secret\"))||(t=Math.random().toString(36).substring(2,12),e.src+=\"#?secret=\"+t,e.setAttribute(\"data-secret\",t)),e.contentWindow.postMessage({message:\"ready\",secret:t},\"*\")},!1)))}(window,document);\n\/\/# sourceURL=https:\/\/www.montalegre.org\/wp-includes\/js\/wp-embed.min.js\n\/* ]]> *\/\n<\/script>\n","description":"&nbsp; Estamos en la cuenta atr\u00e1s de la fecha en la que, por fin, D. Jos\u00e9 Mar\u00eda Hern\u00e1ndez Garnica estar\u00e1 en un lugar de predilecci\u00f3n en Montalegre para que nuestras oraciones hacia \u00e9l sean de ida y vuelta e interceda con m\u00e1s motivo por todos nosotros. En medio de este ambiente de emoci\u00f3n interior, y [&hellip;]","thumbnail_url":"http:\/\/www.montalegre.org\/wp-content\/uploads\/2011\/10\/DSC00656-300x225.jpg"}

&nbsp; Estamos en la cuenta atrás de la fecha en la que, por fin, D. José María Hernández Garnica estará en un lugar de predilección en Montalegre para que nuestras oraciones hacia él sean de ida y vuelta e interceda con más motivo por todos nosotros. En medio de este ambiente de emoción interior, y [&hellip;]
