{"version":"1.0","provider_name":"Montalegre","provider_url":"https:\/\/www.montalegre.org\/es\/","author_name":"montalegre","author_url":"https:\/\/www.montalegre.org\/es\/author\/montalegre\/","title":"Benedicto XVI, en Madrid - Montalegre","type":"rich","width":600,"height":338,"html":"<blockquote class=\"wp-embedded-content\" data-secret=\"oSXu0OXIta\"><a href=\"https:\/\/www.montalegre.org\/es\/2011\/07\/benedicto-xvi-en-madrid\/\">Benedicto XVI, en Madrid<\/a><\/blockquote><iframe sandbox=\"allow-scripts\" security=\"restricted\" src=\"https:\/\/www.montalegre.org\/es\/2011\/07\/benedicto-xvi-en-madrid\/embed\/#?secret=oSXu0OXIta\" width=\"600\" height=\"338\" title=\"\u00abBenedicto XVI, en Madrid\u00bb \u2014 Montalegre\" data-secret=\"oSXu0OXIta\" frameborder=\"0\" marginwidth=\"0\" marginheight=\"0\" scrolling=\"no\" class=\"wp-embedded-content\"><\/iframe><script type=\"text\/javascript\">\n\/* <![CDATA[ *\/\n\/*! This file is auto-generated *\/\n!function(d,l){\"use strict\";l.querySelector&&d.addEventListener&&\"undefined\"!=typeof URL&&(d.wp=d.wp||{},d.wp.receiveEmbedMessage||(d.wp.receiveEmbedMessage=function(e){var t=e.data;if((t||t.secret||t.message||t.value)&&!\/[^a-zA-Z0-9]\/.test(t.secret)){for(var s,r,n,a=l.querySelectorAll('iframe[data-secret=\"'+t.secret+'\"]'),o=l.querySelectorAll('blockquote[data-secret=\"'+t.secret+'\"]'),c=new RegExp(\"^https?:$\",\"i\"),i=0;i<o.length;i++)o[i].style.display=\"none\";for(i=0;i<a.length;i++)s=a[i],e.source===s.contentWindow&&(s.removeAttribute(\"style\"),\"height\"===t.message?(1e3<(r=parseInt(t.value,10))?r=1e3:~~r<200&&(r=200),s.height=r):\"link\"===t.message&&(r=new URL(s.getAttribute(\"src\")),n=new URL(t.value),c.test(n.protocol))&&n.host===r.host&&l.activeElement===s&&(d.top.location.href=t.value))}},d.addEventListener(\"message\",d.wp.receiveEmbedMessage,!1),l.addEventListener(\"DOMContentLoaded\",function(){for(var e,t,s=l.querySelectorAll(\"iframe.wp-embedded-content\"),r=0;r<s.length;r++)(t=(e=s[r]).getAttribute(\"data-secret\"))||(t=Math.random().toString(36).substring(2,12),e.src+=\"#?secret=\"+t,e.setAttribute(\"data-secret\",t)),e.contentWindow.postMessage({message:\"ready\",secret:t},\"*\")},!1)))}(window,document);\n\/\/# sourceURL=https:\/\/www.montalegre.org\/wp-includes\/js\/wp-embed.min.js\n\/* ]]> *\/\n<\/script>\n","description":"El 7 de noviembre del 2010 el Santo Padre, Benedicto XVI, nos dijo &#8220;adi\u00f3s&#8221; cuando se despidi\u00f3 de todos nosotros en el aeropuerto de El Prat de Barcelona. Ahora despu\u00e9s de casi nueve meses la preparaci\u00f3n de las Jornadas Mundiales de la Juventud en Madrid es todo un acontecimiento. Su nueva venida a Espa\u00f1a, ya [&hellip;]","thumbnail_url":"http:\/\/www.montalegre.org\/wp-content\/uploads\/2011\/07\/MARCA_RGB.jpg"}

El 7 de noviembre del 2010 el Santo Padre, Benedicto XVI, nos dijo &#8220;adiós&#8221; cuando se despidió de todos nosotros en el aeropuerto de El Prat de Barcelona. Ahora después de casi nueve meses la preparación de las Jornadas Mundiales de la Juventud en Madrid es todo un acontecimiento. Su nueva venida a España, ya [&hellip;]
