{"version":"1.0","provider_name":"Montalegre","provider_url":"https:\/\/www.montalegre.org\/es\/","author_name":"montalegre","author_url":"https:\/\/www.montalegre.org\/es\/author\/montalegre\/","title":"Estamos de enhorabuena en Montalegre - Montalegre","type":"rich","width":600,"height":338,"html":"<blockquote class=\"wp-embedded-content\" data-secret=\"R683PaoMOW\"><a href=\"https:\/\/www.montalegre.org\/es\/2011\/06\/estamos-de-enhorabuena-en-montalegre\/\">Estamos de enhorabuena en Montalegre<\/a><\/blockquote><iframe sandbox=\"allow-scripts\" security=\"restricted\" src=\"https:\/\/www.montalegre.org\/es\/2011\/06\/estamos-de-enhorabuena-en-montalegre\/embed\/#?secret=R683PaoMOW\" width=\"600\" height=\"338\" title=\"\u00abEstamos de enhorabuena en Montalegre\u00bb \u2014 Montalegre\" data-secret=\"R683PaoMOW\" frameborder=\"0\" marginwidth=\"0\" marginheight=\"0\" scrolling=\"no\" class=\"wp-embedded-content\"><\/iframe><script type=\"text\/javascript\">\n\/* <![CDATA[ *\/\n\/*! This file is auto-generated *\/\n!function(d,l){\"use strict\";l.querySelector&&d.addEventListener&&\"undefined\"!=typeof URL&&(d.wp=d.wp||{},d.wp.receiveEmbedMessage||(d.wp.receiveEmbedMessage=function(e){var t=e.data;if((t||t.secret||t.message||t.value)&&!\/[^a-zA-Z0-9]\/.test(t.secret)){for(var s,r,n,a=l.querySelectorAll('iframe[data-secret=\"'+t.secret+'\"]'),o=l.querySelectorAll('blockquote[data-secret=\"'+t.secret+'\"]'),c=new RegExp(\"^https?:$\",\"i\"),i=0;i<o.length;i++)o[i].style.display=\"none\";for(i=0;i<a.length;i++)s=a[i],e.source===s.contentWindow&&(s.removeAttribute(\"style\"),\"height\"===t.message?(1e3<(r=parseInt(t.value,10))?r=1e3:~~r<200&&(r=200),s.height=r):\"link\"===t.message&&(r=new URL(s.getAttribute(\"src\")),n=new URL(t.value),c.test(n.protocol))&&n.host===r.host&&l.activeElement===s&&(d.top.location.href=t.value))}},d.addEventListener(\"message\",d.wp.receiveEmbedMessage,!1),l.addEventListener(\"DOMContentLoaded\",function(){for(var e,t,s=l.querySelectorAll(\"iframe.wp-embedded-content\"),r=0;r<s.length;r++)(t=(e=s[r]).getAttribute(\"data-secret\"))||(t=Math.random().toString(36).substring(2,12),e.src+=\"#?secret=\"+t,e.setAttribute(\"data-secret\",t)),e.contentWindow.postMessage({message:\"ready\",secret:t},\"*\")},!1)))}(window,document);\n\/\/# sourceURL=https:\/\/www.montalegre.org\/wp-includes\/js\/wp-embed.min.js\n\/* ]]> *\/\n<\/script>\n","description":"El d\u00eda 15 de junio, acerc\u00e1ndose el fin de las actividades antes de las vacaciones de verano, se han celebrado una serie de aniversarios ciertamente entra\u00f1ables. Por un lado el rector de la iglesia Mn. Francesc Perarnau, hac\u00eda pocos d\u00edas que cumpl\u00eda 25 a\u00f1os de su ordenaci\u00f3n sacerdotal, y Mn. Juan Marc\u00e9 y el fiel [&hellip;]","thumbnail_url":"http:\/\/www.montalegre.org\/wp-content\/uploads\/2011\/06\/P6260517-300x222.jpg"}

El día 15 de junio, acercándose el fin de las actividades antes de las vacaciones de verano, se han celebrado una serie de aniversarios ciertamente entrañables. Por un lado el rector de la iglesia Mn. Francesc Perarnau, hacía pocos días que cumplía 25 años de su ordenación sacerdotal, y Mn. Juan Marcé y el fiel [&hellip;]
